ppose p = -9*y + 11*y. Is y composite?
True
Suppose 5*m + 12 - 27 = 0, 0 = -4*b + 3*m + 27971. Is b a composite number?
True
Suppose -3*v + 24 = 4*p, -3*v - 2*v - 29 = -p. Suppose p*a - 569 = 1690. Is a a composite number?
False
Suppose -5*h = 5, j + 2*j - 2426 = -h. Let n = j - 421. Suppose -646 = -2*z + n. Is z a prime number?
False
Let s = -30 + 66. Let y be (-36076)/(-18) + (-8)/s. Let o = -1369 + y. Is o a prime number?
False
Suppose -3*g = 2*q - 12919, -q - 3*q = 3*g - 12929. Is g prime?
False
Suppose -r - 3*p + 22877 = 0, -5*r + 4*p = -79993 - 34354. Is r a prime number?
True
Suppose 0*o - 3*f = -2*o + 12, o = -3*f + 24. Suppose o = -4*p + 2*p. Let g(m) = -m**3 - 4*m**2 + 7. Is g(p) prime?
True
Let z be 2/(-2)*2/(-1). Suppose 5*f - 27 = -z. Suppose -2*t = t + f*w - 124, -2*t = -3*w - 51. Is t a composite number?
True
Suppose -3*d + 6 = -4*d + 5*w, -24 = -5*d - 2*w. Suppose 3*r - 232 = p, 152 = -2*r + d*r + 2*p. Is r a composite number?
True
Suppose -282*m + 335*m = 756469. Is m composite?
True
Let k = 324 - -54. Let a = -10 - -6. Is k - (-3 - (a + 4)) a prime number?
False
Suppose 4*y + 4*v = -0*v - 4, 4*v + 10 = -y. Let j be (-9)/(-18) + 1035/y. Suppose 5*d = 3*d + j. Is d prime?
False
Let p(w) = -w**3 + w**2 - 3*w - 1. Let u be p(-2). Let l = -3 + u. Is l prime?
False
Suppose -2*t + 20 = 3*t. Suppose -x - 4*u = -23, x - 28 = -t*u - u. Is (-4794)/(-9)*x/2 composite?
True
Suppose 4*j - 14 = -2*b, -2*b - b + 13 = 2*j. Suppose j*v - 3*n = 1730 + 30, 0 = 4*v + 5*n - 3498. Is v prime?
True
Is 8*10/40 - -17091 composite?
False
Let b(p) = -p**3 + 28*p**2 - 29*p + 52. Let h be b(27). Is (16/(-12))/h*339 a composite number?
True
Let k(m) = -m**2 + 31*m - 179. Let f be k(18). Suppose 0 = 2*a - 6*a - 252. Let j = f - a. Is j composite?
True
Let u(l) = -l**3 + 11*l**2 - 9*l - 6. Let p be u(10). Suppose 2706 = p*j + 5*g + 984, 0 = 5*j + g - 2163. Suppose j = z + 96. Is z a prime number?
True
Let d be (-748)/(20/(-5)) + 3 + -4. Suppose 3*v + 28 = 5*f, -3*f + 40 = 4*v - 0*v. Suppose 2*b - d = -f. Is b prime?
True
Suppose 4*z - 2104 = 5*h, -5*z - 142 + 2727 = 5*h. Suppose 5*k - z = 329. Suppose -3*v = -15, -4*b + 3*v + 707 = -k. Is b a composite number?
False
Let n = -5 + 5. Let a(l) = -2*l**3 + 7*l**2 - 6. Let o be a(-5). Suppose -3143 = -5*x + 3*d, -2*x + 5*d - o + 1661 = n. Is x prime?
True
Suppose -5*f - 5*a = -378166 - 13119, -4*a - 234785 = -3*f. Is f prime?
True
Is (-13522)/(-5) + 96/160 a composite number?
True
Let h be (7 - -3) + -2 - -1. Let k be 60/h - (-4)/(-6). Suppose k*r - 3*r - 447 = 0. Is r prime?
True
Let x = -105 + 107. Suppose -x*p = -5*p + 5118. Is p composite?
True
Suppose 5*l + 9 + 16 = 0, -299 = -2*w - 5*l. Suppose 109 = 2*j + a - 0*a, 3*j = -a + w. Is j prime?
True
Let m be 6196/(-44) - 4/22. Let t = 22 - m. Is t composite?
False
Let x = -65 + 65. Suppose 3*v - v = -3*n + 2165, x = -4*n + 4. Is v prime?
False
Suppose 34*k - 8791 = 33*k. Is k composite?
True
Suppose 11*p - 16904 + 4243 = 0. Is p a composite number?
False
Let x(a) = -18*a**3 - 11*a**2 - 2*a - 25. Is x(-8) composite?
True
Let o be 2610/4 - 12/24. Suppose -235 = -l + o. Is l a composite number?
False
Suppose 308944 = -8*o + 16*o. Is o a composite number?
True
Let k(p) = -5*p**2 - 2*p + p**2 + 4*p**3 - 2*p**3 + 3*p**2. Let u be k(2). Is u*1/(-4)*-17 composite?
True
Let a = 80 + -82. Is 557/(-3)*(-9)/(-6)*a composite?
False
Let i = 99923 - 59464. Is i composite?
False
Suppose m + m = 10. Let o(z) be the third derivative of 7*z**4/24 + z**3/3 + 8*z**2 - 4. Is o(m) composite?
False
Let z = -64 - -100. Suppose 0 = -3*b + 2*o + 143, b - o - z = 2*o. Is b a composite number?
True
Suppose 13*i - 62217 - 169846 = 0. Is i prime?
True
Let i be (-12)/(-8)*(3 - 1). Let g(h) = -70*h**2 - 4*h + 4. Let j be g(i). Is (1/(-2))/(1/j) a prime number?
False
Let k be 24*(-3 - 7/(-2)). Let i be (k/3)/(-2)*-1. Is (-1905)/(-10) + i/4 a prime number?
True
Let l(u) = 967*u**2 - 47*u - 47. Is l(-1) a prime number?
True
Let r = -333 - -228. Let m = r - -158. Let a = m + 32. Is a prime?
False
Suppose 2*o + 8 = -2*d, -3*d + 2*o - 27 = 2*d. Let x(h) = -h**3 - 5*h**2 - 3*h - 2. Let p be x(d). Suppose -4*q + 3*q = -p. Is q a composite number?
False
Let s be (-6)/(-2) - (9 - 6). Suppose -8*p + 1875 + 1157 = s. Is p a composite number?
False
Suppose 5*z = t + 13, -5*t = 3*z - 2 - 17. Suppose -4 = -t*x + 414. Is x a composite number?
True
Suppose -q = 4*b - 34, 0 = 2*q - 2*b + 3 - 71. Is 5/((-340)/(-5228)) - (-4)/q composite?
True
Let d(i) = -i**2 + 12*i + 32401. Is d(0) composite?
False
Is (3/(6/8278))/(-5 - -6) a prime number?
True
Let f(g) = g**3 + 10*g**2 + 2*g + 2. Let j be f(-6). Suppose -z + 4*n + j = -164, z + 4*n - 258 = 0. Is z a composite number?
True
Let c(u) = u**3 + u**2 - u + 669. Let i(w) = -w**2 + 6*w - 8. Let y be i(4). Is c(y) a composite number?
True
Suppose 2*m - 3*v - 32238 = 68404, 4*v = 0. Is m prime?
True
Is (4/6)/(-4 + 745840/186456) composite?
True
Let w(m) = 2*m**3 - 34*m**2 + m - 19. Let p be w(17). Let c = -9 - -5. Is (134/c)/(p/4) composite?
False
Suppose 2*v + 23908 = 2*c - 3*v, 5*c - 59785 = 5*v. Is c prime?
True
Suppose 2*b = 3*q + 182500, 7*b - 4*q - 91255 = 6*b. Is b a composite number?
True
Suppose 3*z + 9 = 0, -y + 2*z + 3078 = 6*z. Let x = y + -1771. Is x a prime number?
True
Suppose 3*u = -0*u + 9804. Suppose 5*i = -2192 - u. Let k = -641 - i. Is k a composite number?
True
Let p = 12 - 13. Let m be p/(-2)*(0 - 0). Let h(l) = -l + 161. Is h(m) a composite number?
True
Let i(s) = -s**2 + 9*s + 5. Let c be i(6). Let h = -18 + c. Suppose 4*t - 1698 = -h*n, -t + 12 + 417 = -n. Is t a composite number?
True
Suppose 0 = 4*h - 3*n - 15, -h - 4*n = 2 + 18. Suppose -5*y - s = -10, h*s - 4*s = -2*y + 4. Suppose -y*a = 3*o + 3*a - 8, -a - 2 = 0. Is o prime?
False
Let c(g) = 7*g**2 - 2*g - 8. Let h be c(4). Suppose -4*u + 434 = -5*j, 0 = -u - 4*j - j + h. Is u a prime number?
False
Let u be (-10)/20 - 9/(-2). Suppose -3*g - 6 = 0, 2782 = u*k + 5*g - 2*g. Is k a composite number?
True
Suppose -7*h - 23597 = -14*h. Is h a prime number?
True
Suppose 0*v - 15 = -5*v, 97 = r + v. Let p = -51 + r. Suppose 0 = d - p + 6. Is d a composite number?
False
Let z(h) = 42293*h**2 - 2*h - 2. Is z(-1) composite?
False
Let b = 22 + -6. Suppose -6 = -b*c + 13*c. Suppose 0 = c*l - s - 0*s - 2549, -5*s - 2529 = -2*l. Is l prime?
True
Suppose 544 = -m + 5*m + 4*w, 3*m - 400 = -w. Suppose -498 = 3*r - m. Let c = 325 + r. Is c prime?
False
Let q = 107 + -112. Is 1/q + -468*(-8)/20 a prime number?
False
Let m = -156 - -1380. Let o = m - 627. Is o composite?
True
Suppose -3*l + 2*z - 5032 = -28415, -l + z + 7795 = 0. Is l a prime number?
True
Let t = -557 + 966. Is t a composite number?
False
Let u be ((-85)/34)/(2/(-12)). Is (-2)/10 - (-2448)/u a prime number?
True
Suppose 0 = -5*w + 2*t - 5*t - 18661, -2*w - 7454 = -4*t. Is w/(-11) - (-16)/(-88) composite?
True
Let y = 14141 - 8404. Is y composite?
False
Let r(i) = 382*i + 127. Is r(10) a prime number?
True
Let q(d) be the third derivative of d**6/20 - d**5/60 + d**4/12 + d**3/6 - 3*d**2. Let w be q(4). Let c = w + -258. Is c composite?
True
Suppose -m + 2 = -3*m. Let z be (-10302)/(-10) - m/(-5). Suppose 141 = -7*j + z. Is j a prime number?
True
Let y(d) = 4*d + 7. Let h(w) = -w - 2. Let v(p) = 9*h(p) + 2*y(p). Is v(-11) a prime number?
True
Suppose 3*x - 88 = -4*k, -4*x + 4*k + 114 = 6*k. Is 8600/x + 2/(-14) a prime number?
True
Let f(g) = g**2 + 4*g + 2. Let c be f(-4). Let a be c*(1 - (-26)/(-4)). Let h(b) = 3*b**2 - 2*b - 4. Is h(a) a composite number?
True
Suppose 0*l + 2*l = 0. Let r(a) be the third derivative of a**5/60 + a**4/24 + 187*a**3/6 - 12*a**2 + 3. Is r(l) a prime number?
False
Let c(h) = 7*h + 16. Let a(x) = x**3 + 12*x**2 + 13*x + 9. Let j be a(-11). Let o = j + 24. Is c(o) a prime number?
False
Let w(d) = 16602*d**2 - d. Is w(-1) a composite number?
False
Suppose -17 = -2*l - 5*d, 3*l + d - 20 = -d. Let t = l + -8. Is (345/(-9))/(t/6) a composite number?
True
Let a(v) = -1503*v - 413. Is a(-6) a prime number?
False
Let k be ((-33215)/21)/((-1)/3). Suppose -5*n = -0*n - k. Is n prime?
False
Suppose 2 = -2*x + 6. Suppose 3*p + 166 = x*h, 5*h - 5*p - 320 = 95. Is h prime?
True
Suppose -5*x - 2*o + 29586 = 0, -7*x + 2*x + 295